78?
False
Is 22 a factor of 35134?
True
Is 303694 a multiple of 13?
False
Does 5 divide 4405495?
True
Is 31405 a multiple of 3?
False
Is 131 a factor of 53944?
False
Does 202 divide 2105042?
True
Is 3852619 a multiple of 124?
False
Is 1166 a factor of 1269941?
False
Is 6994800 a multiple of 402?
True
Does 15 divide 3563160?
True
Is 107 a factor of 16997378?
True
Is 2369276 a multiple of 515?
False
Is 3 a factor of 55844?
False
Is 503 a factor of 769393?
False
Is 12623758 a multiple of 14?
True
Is 3 a factor of 42726?
True
Is 107 a factor of 12091?
True
Is 148257 a multiple of 17?
True
Is 645 a factor of 7033080?
True
Is 479952 a multiple of 404?
True
Is 89 a factor of 127359?
True
Is 625614 a multiple of 2?
True
Does 413 divide 140019?
False
Is 564 a factor of 21043902?
False
Is 9 a factor of 181764?
True
Is 22 a factor of 1745304?
True
Does 377 divide 881689?
False
Is 105 a factor of 50925?
True
Does 10 divide 17196370?
True
Does 72 divide 150042?
False
Does 24 divide 791882?
False
Is 264731 a multiple of 331?
False
Is 105307 even?
False
Does 6 divide 222301?
False
Does 46 divide 3380447?
False
Does 19 divide 92370?
False
Is 5 a factor of 109541?
False
Is 993323 a multiple of 37?
False
Does 113 divide 63743?
False
Is 9 a factor of 324168?
False
Does 15 divide 13507230?
True
Does 207 divide 1295199?
True
Is 160015 a multiple of 411?
False
Is 7 a factor of 57993?
False
Is 3023853 a multiple of 463?
True
Is 22 a factor of 2376949?
False
Does 428 divide 713670?
False
Is 9 a factor of 385832?
False
Is 99 a factor of 359374?
False
Is 3330863 a multiple of 296?
False
Is 15 a factor of 87982?
False
Is 22 a factor of 120296?
True
Is 998944 a multiple of 76?
True
Does 453 divide 30295089?
False
Does 49 divide 34975?
False
Does 2 divide 61904?
True
Does 56 divide 5452140?
False
Does 48 divide 201230?
False
Does 39 divide 338186?
False
Is 100768 a multiple of 13?
False
Does 381 divide 7169277?
True
Is 2249244 a multiple of 172?
True
Is 402800 a multiple of 20?
True
Is 13 a factor of 608956?
False
Does 3 divide 85034?
False
Is 10704393 a multiple of 87?
True
Is 75 a factor of 451848?
False
Is 2697096 a multiple of 967?
False
Is 8144768 a multiple of 152?
True
Is 6 a factor of 2560384?
False
Is 20636 a multiple of 268?
True
Is 876 a factor of 1594718?
False
Is 182 a factor of 2705964?
False
Is 6 a factor of 253786?
False
Is 196864 a multiple of 256?
True
Is 16 a factor of 250797?
False
Is 23 a factor of 107912?
False
Is 282394 a multiple of 17?
False
Is 12351603 a multiple of 33?
True
Is 12 a factor of 909792?
True
Is 8 a factor of 1536286?
False
Is 987751 a multiple of 7?
False
Is 6 a factor of 10803?
False
Does 5 divide 190?
True
Does 10 divide 1271420?
True
Is 470320 a multiple of 80?
True
Does 11 divide 43482?
False
Is 209 a factor of 633170?
False
Is 148740 a multiple of 15?
True
Is 13 a factor of 22101?
False
Does 166 divide 208469?
False
Is 711578 a multiple of 371?
True
Is 14 a factor of 219551?
False
Does 2 divide 3711?
False
Does 8 divide 3689717?
False
Is 195 a factor of 117000?
True
Is 144 a factor of 124337?
False
Is 115520 a multiple of 14?
False
Is 162034 a multiple of 38?
False
Is 2324952 a multiple of 392?
True
Does 86 divide 2146117?
False
Does 77 divide 316470?
True
Does 86 divide 5270563?
False
Is 20175 a multiple of 92?
False
Is 98 a factor of 119070?
True
Is 2 a factor of 213342?
True
Is 436 a factor of 4026024?
True
Is 31762 a multiple of 31?
False
Is 980644 a multiple of 13?
False
Is 38 a factor of 861878?
True
Is 1008564 a multiple of 19?
False
Does 4 divide 61872?
True
Is 4 a factor of 158310?
False
Is 5 a factor of 29615?
True
Is 16 a factor of 68640?
True
Is 6 a factor of 60107?
False
Is 80582 a multiple of 61?
False
Does 3 divide 223396?
False
Is 112 a factor of 10015936?
True
Is 7794654 a multiple of 483?
True
Does 21 divide 124801?
False
Is 292900 a multiple of 290?
True
Is 46 a factor of 134182?
True
Is 1407000 a multiple of 6?
True
Is 19035 a multiple of 20?
False
Does 31 divide 18012674?
True
Does 8 divide 230848?
True
Is 19 a factor of 2390181?
True
Is 24959 a multiple of 45?
False
Does 19 divide 11376820?
True
Is 1737 a factor of 25575588?
True
Is 87 a factor of 28449?
True
Is 19839 a multiple of 51?
True
Is 12 a factor of 2098343?
False
Does 17 divide 15321641?
True
Is 8960 a multiple of 4?
True
Is 183 a factor of 1594845?
True
Is 49067 a multiple of 143?
False
Is 5 a factor of 22699?
False
Does 90 divide 35280?
True
Is 1163916 a multiple of 132?
False
Is 478 a factor of 348462?
True
Is 89 a factor of 3728263?
False
Is 301196 a multiple of 14?
True
Does 12 divide 82222?
False
Is 3098460 a multiple of 565?
True
Does 17 divide 1197426?
False
Is 1054641 a multiple of 47?
False
Is 131 a factor of 316889?
True
Does 100 divide 138700?
True
Is 32 a factor of 48128?
True
Is 22 a factor of 335446?
False
Does 414 divide 12453948?
True
Is 436 a factor of 4358291?
False
Does 235 divide 18030140?
True
Does 19 divide 86038?
False
Does 8 divide 3584216?
True
Does 16 divide 1492416?
True
Is 3126903 a multiple of 39?
True
Is 2912592 a multiple of 11?
False
Is 9 a factor of 1638?
True
Does 115 divide 534750?
True
Does 16 divide 307920?
True
Is 308 a factor of 287213?
False
Does 63 divide 860013?
True
Is 62 a factor of 73238?
False
Is 440 a factor of 131123?
False
Is 4 a factor of 36909?
False
Is 158 a factor of 162627?
False
Is 1776900 a multiple of 20?
True
Does 38 divide 4138086?
True
Is 6 a factor of 4242?
True
Is 1399825 a multiple of 665?
True
Is 4 a factor of 1787196?
True
Is 201910 a multiple of 122?
True
Does 6 divide 295899?
False
Does 15 divide 5444?
False
Is 1978305 a multiple of 681?
True
Is 11006688 a multiple of 14?
True
Is 7013344 a multiple of 208?
True
Is 18 a factor of 312537?
False
Is 2432658 a multiple of 5?
False
Does 239 divide 4794365?
False
Does 33 divide 75273?
True
Is 704624 a multiple of 188?
True
Is 277 a factor of 2992404?
False
Is 195443 a multiple of 61?
False
Does 118 divide 3442268?
False
Does 18 divide 73746?
True
Is 36 a factor of 47811?
False
Is 295 a factor of 198657?
False
Is 49 a factor of 41371?
False
Is 1262484 a multiple of 199?
False
Is 1232579 a multiple of 131?
True
Does 24 divide 47411?
False
Is 346 a factor of 55014?
True
Is 145650 a multiple of 448?
False
Is 338 a factor of 4265898?
True
Does 115 divide 105455?
True
Does 243 divide 165240?
True
Is 38 a factor of 1308023?
False
Is 69346 a multiple of 63?
False
Is 267 a factor of 289674?
False
Is 171 a factor of 392746?
False
Is 1937432 a multiple of 406?
True
Does 5 divide 250948?
False
Is 58514 a multiple of 31?
False
Is 61 a factor of 135878?
False
Does 117 divide 35802?
True
Is 2410693 a multiple of 14?
False
Is 421104 a multiple of 744?
True
Does 6 divide 112450?
False
Does 10 divide 3402100?
True
Is 232 a factor of 1046866?
False
Does 100 divide 191826?
False
Is 686 a factor of 3183726?
True
Is 1214087 a multiple of 202?
False
Is 347 a factor of 27715?
False
Is 52142 a multiple of 16?
False
Is 124482 even?
True
Is 41 a factor of 186796?
True
Does 168 divide 298706?
False
Is 4 a factor of 32559?
False
Is 474968 a multiple of 30?
False
Does 4 divide 196552?
True
Does 7 divide 310849?
True
Does 5 divide 156570?
True
Is 18 a factor of 1272312?
True
Is 445710 a multiple of 179?
True
Does 300 divide 3075300?
True
Is 106 a factor of 321392?
True
Is 143 a factor of 1649648?
True
Is 84 a factor of 73961?
False
Does 475 divide 987050?
True
Is 21 a factor of 402211?
False
Does 147 divide 594749?
False
Is 201 a factor of 390381?
False
Does 331 divide 125680?
False
Is 215938 a multiple of 136?
False
Is 15 a factor of 351855?
True
Does 39 divide 993525?
True
Is 29 a factor of 298381?
True
Is 367541 a multiple of 5?
False
Does 6 divide 174622?
False
Is 281 a factor of 2503475?
False
Is 29488 a multiple of 3?
False
Does 18 divide 58860?
True
Is 4489521 a multiple of 1470?
False
Is 20 a factor of 2497940?
True
Is 91806 a multiple of 31?
False
Is 383 a factor of 144931?
False
Does 2606 divide 20652550?
True
Is 695542 a multiple of 401?
False
Is 10 a factor of 3171052?
False
Is 452816 a multiple of 622?
True
Is 291363 a multiple of 96?
False
Does 119 divide 68873?
False
Does 19 divide 552794?
False
Is 28954 a multiple of 116?
False
Is 93 a factor of 